 ten thousands digit of l?
2
Let w = 28172 - 19721. What is the hundreds digit of w?
4
Let p = 386 - 365. Suppose -p*l - 3585 = -36*l. What is the hundreds digit of l?
2
Let n = 49972 - 32101. What is the units digit of n?
1
Let m = 160 - 153. Suppose m*g - 1396 = 1061. What is the tens digit of g?
5
Suppose 217*m - 2*a + 32346 = 222*m, -2*a - 32334 = -5*m. What is the tens digit of m?
6
Let t = -136 + 133. What is the tens digit of 1/t - (-98648)/132?
4
Let i(g) = 515*g - 5. Let s be -5*(-42)/(-60)*4/(-14). What is the tens digit of i(s)?
1
Suppose 3*p + 2*x = 48681, -330*x = 2*p - 335*x - 32454. What is the units digit of p?
7
Let l(j) = -72*j + 10. Suppose 53 = -4*x + 3*n, 5*x + 7*n - 8*n + 58 = 0. What is the tens digit of l(x)?
0
Suppose 4*l + 361 = w - 204, 0 = -5*l - w - 704. Let h = l + 645. Suppose 4*x = 4*p - h, 4*p + 55 = 5*x + 559. What is the hundreds digit of p?
1
Let s(c) = c**3 + 3*c**2 - 10*c. Suppose -3*a - 8 = 4*j - 6*a, 3*j + a = -19. Let b be s(j). Suppose b*w - 6*w + 186 = 0. What is the tens digit of w?
3
What is the hundreds digit of (4/5)/(50/(-125)) - -3736?
7
Suppose -117 = -18*c + 513. What is the tens digit of c?
3
Suppose -12*s = -10*s - 12*s + 113090. What is the hundreds digit of s?
3
Suppose 0 = 142*m - 143*m - 61. Let d = 130 + m. What is the tens digit of d?
6
Suppose 56836 = -5*v + 189106. What is the tens digit of v?
5
Suppose 0 = -2*l - 3*r - 9, -21*l - 3 = -19*l + r. Suppose -5*g - 7*o + 5*o = -3950, l = -2*g + o + 1580. What is the units digit of g?
0
Let d be 3/(-9) + 13/3. Suppose -d*z = -2*b + 4, 5 = -5*z - b - 0*b. What is the units digit of 573/6 + z/(-2)?
6
Let k be (-71)/(-4) - ((-9)/(-12) - 1). Suppose -14577 - 9201 = -k*b. What is the hundreds digit of b?
3
Let n = -335 + 333. What is the units digit of (-1120)/10*(-11 - n)?
8
Let d(x) = -41*x**3 - x**2 - 2*x - 3. Let f(p) = -3*p + 16. Let o be f(6). What is the units digit of d(o)?
5
Let a = 27 + -24. Suppose 0 = -a*n + 5 + 7. Suppose n*v = -2*z + 54, 2*z = 4*v - 2*v + 66. What is the tens digit of z?
3
Suppose -595 = -7*b + 805. Let l = b + -128. What is the tens digit of l?
7
Let z be (3 - 15/5)*1. Suppose z*d - 880 = -4*d. What is the tens digit of 1/(2/d*5)?
2
Let i(f) = 2*f**2 - 15*f - 6. Suppose -4*o + 7 = -25. Let p be i(o). Suppose 96 + 52 = p*d. What is the tens digit of d?
7
Let k(g) be the second derivative of -5*g**3/2 + 23*g**2/2 + g. Let n be (-1)/((-14)/42)*-3. What is the hundreds digit of k(n)?
1
Let v(r) = 4*r + 35. Let s = -26 - -30. Suppose -s + 0 = -2*c, -5*m - 17 = 4*c. What is the tens digit of v(m)?
1
Suppose -76 = 8*j - 10*j + 2*w, 0 = -2*j + 4*w + 74. Suppose 2160 = -34*q + j*q. What is the hundreds digit of q?
4
Suppose 3*s - 34 = -5*r - 8, -s = -2. Suppose -4*f - r*q + 636 = -3*q, -f + 2*q = -168. Let b = -82 + f. What is the tens digit of b?
7
Let u(p) = -p**3 + 29*p**2 - 5*p + 60. What is the hundreds digit of u(-7)?
8
Suppose 0 = 3*o - 51699 - 83922 + 23697. What is the thousands digit of o?
7
Let f = -21 + 25. Suppose 3*z - f*w - 420 = -w, -700 = -5*z + 4*w. Let b = z + -78. What is the tens digit of b?
6
Let d(l) = -13*l + 152. Let r be d(13). Let z(c) = -43*c - 129. What is the units digit of z(r)?
2
Suppose -2*b - 2*y = -7854, -4*b + 15726 = 83*y - 85*y. What is the hundreds digit of b?
9
Suppose -3*r = 12, -30*h + 31*h = -2*r + 168. Suppose -2*c - x - h + 1753 = 0, -2366 = -3*c - x. What is the hundreds digit of c?
7
Suppose h + 59 = 3*w + 50, 25 = 3*h + 4*w. Suppose -3*n + 1779 = -h*x, 6 = -5*x - 4. What is the hundreds digit of n?
5
Let t(m) = 1912*m**2 - 172*m - 348. What is the thousands digit of t(-2)?
7
Suppose 0 = 67*z - 23*z. Suppose z = -5*h - 4*j + 864, 9*j - 176 = -h + 5*j. What is the tens digit of h?
7
What is the tens digit of (37/(999/90))/((-2)/(-459))?
6
Let l(b) = 3*b**2 + 41. Let w be l(0). Let v = w - 41. Suppose -4*s + 5*a = -138, v = -3*s - a - 0*a + 113. What is the units digit of s?
7
Suppose 5*i - 8*i = 0. Suppose i = 2*a + 9 - 5, -1862 = -4*f - 3*a. What is the tens digit of f?
6
Let j(n) = 22*n + 1. Let w(v) = v**2 + 10*v + 1. Let h be w(-5). Let o = h - -30. What is the tens digit of j(o)?
3
Let i(x) = -x**2 - x + 36. Let q be i(-6). Suppose p = -q*p + 854. What is the units digit of p?
2
What is the ten thousands digit of ((-90)/(-225))/(1/54545) + -2 + -5?
2
Let q be (2/(-3))/(0 + (-2)/15). Let x(p) be the second derivative of 4*p**3/3 + 7*p**2 - p. What is the units digit of x(q)?
4
Let q = 65776 + -45409. What is the hundreds digit of q?
3
Suppose 4*s + z = 2619, 4*z = 5*s - 270 - 3030. Let l = s - 454. What is the tens digit of l?
0
Let o(b) be the first derivative of -b**3/3 + 7*b**2 - 15*b + 6. Let d be o(10). Suppose 3*k + h = -2*h + 30, 2*k + 3*h - d = 0. What is the units digit of k?
5
Let a = -6777 - -13403. What is the units digit of a?
6
Let c = 4247 + 1551. What is the tens digit of c?
9
Let c(w) be the third derivative of w**4/24 + w**3/6 - 8*w**2. Let m be c(5). What is the units digit of (3 - 1)*3/m?
1
Suppose 2*h + 5*h = 21. Suppose -h*x = 6*x - 36. Suppose 86 - 14 = y - p, 0 = y - x*p - 81. What is the units digit of y?
9
Suppose 4*c + 5*i - 107365 - 9033 = 0, -i - 58178 = -2*c. What is the ten thousands digit of c?
2
Let f = 13609 - -2809. What is the hundreds digit of f?
4
Suppose 2*b - 855 + 777 = 0. Suppose -m = -4*l + 58, -3*l = 2*m + l + 92. Let h = b - m. What is the units digit of h?
9
Let x be (-259366)/(-164) - 1/(-2). Suppose -83*k + x = -76*k. What is the tens digit of k?
2
Suppose -2*f - 50 = -244. Let y = f - 140. What is the hundreds digit of 0 - 3*y - 0?
1
Suppose -2*o + 5*y = 25, 4*y - 20 = -o + 5*o. Let p = o - -6. Suppose 24 = -4*a + p*a. What is the tens digit of a?
1
Let w(o) = o**3 + 10*o**2 - 13*o - 6. Let z be w(-11). Suppose -z*l - 700 = -18*l. What is the units digit of l?
0
Let g = 1066 - -210. Suppose -3036 - g = -8*u. What is the units digit of u?
9
Suppose -2222*p + 54711 = -2213*p. What is the thousands digit of p?
6
Suppose 820*u + 829*u = 1663*u - 189938. What is the ten thousands digit of u?
1
Suppose b + 6 = q, 3*b + 2 = -0*q - q. Let x be 2*(3 + (-2)/q). Let r(t) = 9*t + 6. What is the tens digit of r(x)?
5
What is the hundreds digit of (64/80)/(16/236260)?
8
Let h(v) = -11*v + 10. Suppose -4*o = -7*o + 30. Let x(u) = 2*u - 29. Let a be x(o). What is the tens digit of h(a)?
0
Suppose 0 = -14*h + 2204 + 3018. Let p = h - 674. Let v = -53 - p. What is the units digit of v?
8
Suppose 11 - 21 = -2*f. Suppose 2688 = 3*p + 3*o, -f*p + 3890 = 3*o - 594. What is the hundreds digit of p?
8
Suppose 4*v = -5*z + 2031, 5*z - 2*z = -3. Suppose w + 5*f - 499 = 0, -3*w - v + 1942 = -f. What is the hundreds digit of w?
4
What is the units digit of (-20 + 21)/(1*4/12) - -4496?
9
Suppose -6*u + 105 = 1209. Let b = 285 - u. Let j = b - 288. What is the units digit of j?
1
Let w = 45 + -45. Suppose w = 9*b - 8*b - j, -5*b - 5*j = 0. Suppose -l + 2*u = -b*u - 10, -5*l - 3*u + 37 = 0. What is the units digit of l?
8
Let w be (9/3)/((-6)/(-38)). Let b = -14 + w. Suppose -53 = b*j - 283. What is the units digit of j?
6
Let m(z) be the second derivative of -z**4/12 - 5*z**3/3 + 5*z**2/2 + 19*z. Let g be m(4). What is the tens digit of 0 + 3/((-9)/g)?
1
Suppose 24*y - 2*y = 462. What is the tens digit of (4 - 239/(-3))*y?
5
Suppose 198*h = 195*h + 21. Suppose -2636 = -11*l - h. What is the tens digit of l?
3
Let o be 1 - -2*(-1)/(-2). Suppose 8*t - 17*t + 873 = 0. Suppose o*g + 4*m = 132, -3*g + t = -g - 3*m. What is the units digit of g?
6
Let h be (-87)/(-30) - (-1)/10. Suppose -25*y + 3*t = -24*y - 1071, -h*t + 2151 = 2*y. What is the units digit of y?
4
Suppose -4*r - 2*k = -38, -5*r = -2*r - k - 31. Suppose 2*c + 4*f - 2256 = 0, 4*c + r*f - 4482 = 12*f. What is the hundreds digit of c?
1
Suppose -43*s + 2455488 = -16*s + 117*s. What is the tens digit of s?
5
Suppose 421 = 5*z - 1289. Suppose 7*t + 2*t - z = 0. What is the tens digit of t?
3
Let p be 40/(-10)*6/(-8). Suppose 0 = -5*f - q + 4395, p*q + 2*q = 2*f - 1731. What is the units digit of f?
8
Let d(n) = -n**2 + 12*n - 28. Let b be d(8). Let o be b/(-16) - (-1181)/4. Let i = -181 + o. What is the hundreds digit of i?
1
Suppose -64253 = -53*h + 1488242 - 36271. What is the ten thousands d